{"id":289,"date":"2025-06-10T07:02:32","date_gmt":"2025-06-10T07:02:32","guid":{"rendered":"https:\/\/volvekraft.dk\/?page_id=289"},"modified":"2025-06-13T08:54:52","modified_gmt":"2025-06-13T08:54:52","slug":"referencer","status":"publish","type":"page","link":"https:\/\/volvekraft.dk\/index.php\/referencer\/","title":{"rendered":"Referencer"},"content":{"rendered":"\n<h2 class=\"wp-block-heading has-text-align-center\" style=\"font-size:84px\"><strong><em>Referencer og udtalelser<\/em><\/strong><\/h2>\n\n\n\n<p>Gennem \u00e5rene har jeg holdt en hel del foredrag, du kan se nogle af stederne herunder. <br>Det h\u00e6nder ogs\u00e5 at jeg f\u00e5r tilbagemeldinger fra folk der har deltaget i enten workshops eller foredrag, dem kan du ogs\u00e5 se p\u00e5 denne side. <\/p>\n\n\n\n<h2 class=\"wp-block-heading has-text-align-center has-x-large-font-size\"><strong><em>Referencer:<\/em><\/strong><\/h2>\n\n\n\n<ul class=\"wp-block-list\">\n<li><strong><em>Rybners gymnasium, Esbjerg, gentagende foredrag for 2. g<\/em><\/strong><\/li>\n\n\n\n<li><strong><em>Vejen Gymnasium og HF, foredrag for religionsholdet<\/em><\/strong><\/li>\n\n\n\n<li><strong><em>Uldum H\u00f8jskole<\/em><\/strong><\/li>\n\n\n\n<li><strong><em>N\u00f8rre Nissum H\u00f8jskole, gentagende gange<\/em><\/strong><\/li>\n\n\n\n<li><strong><em>Gram H\u00f8jskole<\/em><\/strong><\/li>\n\n\n\n<li><strong><em>R\u00f8dding H\u00f8jskole<\/em><\/strong><\/li>\n\n\n\n<li><strong><em>Ollerup Gymnastikh\u00f8jskole<\/em><\/strong><\/li>\n\n\n\n<li><strong><em>Fjordane Folkeh\u00f8jskole, Norge<\/em><\/strong><\/li>\n\n\n\n<li><strong><em>Gudvangen Viking Valley, Norge<\/em><\/strong><\/li>\n\n\n\n<li><strong><em>Menigheden v. Lintrup\/Hjerting kirker, Fr\u00f8s pastorat<\/em><\/strong><\/li>\n\n\n\n<li><strong><em>Teosofisk forening, K\u00f8benhavn.<\/em><\/strong><\/li>\n\n\n\n<li><strong><em>Folkeuniversitetet i \u00c5rhus.<\/em><\/strong><\/li>\n\n\n\n<li><strong><em>Rude Strand H\u00f8jskole, gentagende gange.<\/em><\/strong><\/li>\n\n\n\n<li><strong><em>Motion &#038; Kultur, Hammerum-Gjellerup<\/em><\/strong><\/li>\n\n\n\n<li><strong><em>Paneldeltager i programmet \u201dMenneskemixeren\u201d p\u00e5 Radio 4.<\/em><\/strong><\/li>\n\n\n\n<li><strong><em>Flere online foredrag til deltagere fra USA<\/em><\/strong><\/li>\n\n\n\n<li><strong><em>Online foredrag og workshops for en gruppe fra Brasilien<\/em><\/strong><\/li>\n\n\n\n<li><strong><em>Nationalmuseet, 3 timers runel\u00e6gning.<\/em><\/strong><\/li>\n\n\n\n<li><strong><em>Diverse private arrangementer.<\/em><\/strong><\/li>\n<\/ul>\n\n\n\n<h2 class=\"wp-block-heading has-text-align-center has-x-large-font-size\"><strong><em>Udtalelser:<\/em><\/strong><\/h2>\n\n\n\n<p>\u201cGudruns bes\u00f8g i mit hekserifag p\u00e5 h\u00f8jskolen (R\u00f8dding) var s\u00e5 sp\u00e6ndende, og lige det, eleverne efterspurgte: at m\u00f8de en, som med sikker formidlerh\u00e5nd kunne \u00e5bne vores \u00f8jne for, hvad det vil sige at v\u00e6re v\u00f8lve, hvad en v\u00f8lve kan, tror og g\u00f8r \u2013 og helt nede p\u00e5 jorden, s\u00e5 vi godt kan grine sammen, og samtidig udforske det, der er mellem himmel og jord.<br>Gudrun er gavmild med b\u00e5de viden og healing, og l\u00e6ste runer for os, som vi trak hver is\u00e6r. Det var et m\u00f8de, vi alle fik noget med os fra.\u201d<br><br>Mette Marie Toftdahl, h\u00f8jskolel\u00e6rer.<\/p>\n\n\n\n<p><br>\u201dAngeli havde den store gl\u00e6de at have bes\u00f8g af V\u00f8lven fra Ribe. B\u00e5de med foredrag og en workshop. Det eneste minus der var, var at tiden l\u00f8b s\u00e5 hurtig. Foredraget var s\u00e5 fantastisk og levede. Det kan varmt anbefaledes.<br>At l\u00e6re om runer og deres tegn var virkelig s\u00e5 sp\u00e6ndene. Et fantastisk redskab at bruge med sig selv.<br>Alle gik derfra med s\u00e5 opl\u00f8ftende energi og gl\u00e6de.<br>Og m\u00e5 jeg s\u00e5 komme med en anbefaling: Hendes b\u00f8ger er virkelig v\u00e6rd at k\u00f8be. Fra Angeli og mig er det en varm anbefaling. Og en gl\u00e6de at kunne give den\u201d.<br><br>Pia M\u00f8ller Sams\u00f8, indehaver af Angeli\/ Englehytten. Thisted.<\/p>\n\n\n\n<p><br>\u201dVi har i Lintrup Sogn, Fr\u00f8s Pastorat haft en foredragsaften med Gudrun Gotved, som fortalte om asatro i moderne tid.<br>Foredraget var utrolig sp\u00e6ndende. Der var plads til b\u00e5de humor, personlige fort\u00e6llinger og det mere alvorsfulde. Samtidig blev asatroen sat ind i b\u00e5de en historisk kontekst, med udblik til kilderne, men ogs\u00e5 i en nutidig sammenh\u00e6ng, hvor Gudrun fortalte om hvad det kan sige at v\u00e6re asatroende i dagens samfund.<br>Der blev ogs\u00e5 trukket linjer til en tid, som vi m\u00e5ske g\u00e5r rundt og tror er helt forsvundet, men som faktisk stadig fylder i dag. Det er oplysende at vide hvordan andre trosretninger end folkekirken udfolder sig, og at opdage, at vi trods af forskellighederne, ogs\u00e5 har ting tilf\u00e6lles og kan f\u00e5 meget ud af at snakke med hinanden.\u201d<br><br>Elizabeth Dalsgaard&nbsp;Fonsmark, Sognepr\u00e6st i Fr\u00f8s Pastorat og feltpr\u00e6st ved ISRBTN<\/p>\n\n\n\n<p><br>Foredrag om Min Asatro ved V\u00f8lven Gudrun Victoria Gotved i Aktivitetshuset i Lintrup, februar 2024.<br>Gudrun Victoria Gotved redegjorde for sin Asatro p\u00e5 en s\u00e6rdeles medrivende og charmerende facon.<br>Hun startede med at vise en film om f\u00e6nomenet og forklarede dern\u00e6st om de nordiske guder, nisser og alfers betydning.<br>Gudrun pointerede flere gange, at det vigtigste er at opf\u00f8re sig s\u00e5 om et ordentligt menneske, s\u00e5 kan man i \u00f8vrigt tro, hvad man vil.<br>Foredraget kan varmt anbefales, det er altid sp\u00e6ndende at m\u00f8de et virkeligt engageret menneske. Det er v\u00f8lven Gudrun Victoria Gotved!<br><br>Hanne Damgaard Boisen, R\u00f8dding.<\/p>\n\n\n\n<p><br>Fredag d. 15. November 2024<br>Vi har haft bes\u00f8g af Gudrun og havde forn\u00f8jelsen af hendes opl\u00e6g om asatro. Gudrun er en dygtig formidler, som med energi og engagement deler ud af sin viden om nordisk mytologi og asatro \u2013 og ikke mindst sine egne overbevisninger og praksisser. Gudrun er im\u00f8dekommende og \u00e5ben og giver plads til sp\u00f8rgsm\u00e5l, undren og refleksioner, som hun meget fint griber og tager med i sit videre opl\u00e6g. Gudrun formidler med humor og uh\u00f8jtidelighed og jeg kan p\u00e5 det varmeste anbefale hende som foredragsholder.<br><br>Janni K. \u00d8stergaard \u2013 SeniorH\u00f8jskolen<\/p>\n","protected":false},"excerpt":{"rendered":"<p>Referencer og udtalelser Gennem \u00e5rene har jeg holdt en hel del foredrag, du kan se nogle af stederne herunder. Det h\u00e6nder ogs\u00e5 at jeg f\u00e5r tilbagemeldinger fra folk der har deltaget i enten workshops eller foredrag, dem kan du ogs\u00e5 se p\u00e5 denne side. Referencer: Udtalelser: \u201cGudruns bes\u00f8g i mit hekserifag p\u00e5 h\u00f8jskolen (R\u00f8dding) var [&hellip;]<\/p>\n","protected":false},"author":1,"featured_media":0,"parent":0,"menu_order":0,"comment_status":"closed","ping_status":"closed","template":"","meta":{"footnotes":""},"class_list":["post-289","page","type-page","status-publish","hentry"],"yoast_head":"<!-- This site is optimized with the Yoast SEO plugin v27.5 - https:\/\/yoast.com\/product\/yoast-seo-wordpress\/ -->\n<title>Referencer - V&oslash;lvekraft ved V&oslash;lven fra Ribe<\/title>\n<meta name=\"description\" content=\"Her kan du se hvor jeg bl.a. har holdt foredrag, ligesom du kan finde forskellige udtalelser om det jeg laver\" \/>\n<meta name=\"robots\" content=\"index, follow, max-snippet:-1, max-image-preview:large, max-video-preview:-1\" \/>\n<link rel=\"canonical\" href=\"https:\/\/volvekraft.dk\/index.php\/referencer\/\" \/>\n<meta property=\"og:locale\" content=\"da_DK\" \/>\n<meta property=\"og:type\" content=\"article\" \/>\n<meta property=\"og:title\" content=\"Referencer - V&oslash;lvekraft ved V&oslash;lven fra Ribe\" \/>\n<meta property=\"og:description\" content=\"Her kan du se hvor jeg bl.a. har holdt foredrag, ligesom du kan finde forskellige udtalelser om det jeg laver\" \/>\n<meta property=\"og:url\" content=\"https:\/\/volvekraft.dk\/index.php\/referencer\/\" \/>\n<meta property=\"og:site_name\" content=\"V&oslash;lvekraft ved V&oslash;lven fra Ribe\" \/>\n<meta property=\"article:publisher\" content=\"https:\/\/www.facebook.com\/Volven\" \/>\n<meta property=\"article:modified_time\" content=\"2025-06-13T08:54:52+00:00\" \/>\n<meta name=\"twitter:card\" content=\"summary_large_image\" \/>\n<meta name=\"twitter:label1\" content=\"Estimeret l\u00e6setid\" \/>\n\t<meta name=\"twitter:data1\" content=\"4 minutter\" \/>\n<script type=\"application\/ld+json\" class=\"yoast-schema-graph\">{\"@context\":\"https:\\\/\\\/schema.org\",\"@graph\":[{\"@type\":\"WebPage\",\"@id\":\"https:\\\/\\\/volvekraft.dk\\\/index.php\\\/referencer\\\/\",\"url\":\"https:\\\/\\\/volvekraft.dk\\\/index.php\\\/referencer\\\/\",\"name\":\"Referencer - V&oslash;lvekraft ved V&oslash;lven fra Ribe\",\"isPartOf\":{\"@id\":\"https:\\\/\\\/volvekraft.dk\\\/#website\"},\"datePublished\":\"2025-06-10T07:02:32+00:00\",\"dateModified\":\"2025-06-13T08:54:52+00:00\",\"description\":\"Her kan du se hvor jeg bl.a. har holdt foredrag, ligesom du kan finde forskellige udtalelser om det jeg laver\",\"breadcrumb\":{\"@id\":\"https:\\\/\\\/volvekraft.dk\\\/index.php\\\/referencer\\\/#breadcrumb\"},\"inLanguage\":\"da-DK\",\"potentialAction\":[{\"@type\":\"ReadAction\",\"target\":[\"https:\\\/\\\/volvekraft.dk\\\/index.php\\\/referencer\\\/\"]}]},{\"@type\":\"BreadcrumbList\",\"@id\":\"https:\\\/\\\/volvekraft.dk\\\/index.php\\\/referencer\\\/#breadcrumb\",\"itemListElement\":[{\"@type\":\"ListItem\",\"position\":1,\"name\":\"Hjem\",\"item\":\"https:\\\/\\\/volvekraft.dk\\\/\"},{\"@type\":\"ListItem\",\"position\":2,\"name\":\"Referencer\"}]},{\"@type\":\"WebSite\",\"@id\":\"https:\\\/\\\/volvekraft.dk\\\/#website\",\"url\":\"https:\\\/\\\/volvekraft.dk\\\/\",\"name\":\"V\u00f8lvekraft ved V\u00f8lven fra Ribe\",\"description\":\"ved V&oslash;lven fra Ribe\",\"publisher\":{\"@id\":\"https:\\\/\\\/volvekraft.dk\\\/#\\\/schema\\\/person\\\/a0acfa008f3e61b723b262825173393d\"},\"potentialAction\":[{\"@type\":\"SearchAction\",\"target\":{\"@type\":\"EntryPoint\",\"urlTemplate\":\"https:\\\/\\\/volvekraft.dk\\\/?s={search_term_string}\"},\"query-input\":{\"@type\":\"PropertyValueSpecification\",\"valueRequired\":true,\"valueName\":\"search_term_string\"}}],\"inLanguage\":\"da-DK\"},{\"@type\":[\"Person\",\"Organization\"],\"@id\":\"https:\\\/\\\/volvekraft.dk\\\/#\\\/schema\\\/person\\\/a0acfa008f3e61b723b262825173393d\",\"name\":\"Gudrun\",\"image\":{\"@type\":\"ImageObject\",\"inLanguage\":\"da-DK\",\"@id\":\"https:\\\/\\\/volvekraft.dk\\\/wp-content\\\/uploads\\\/2022\\\/01\\\/VoelvekraftLogoWithRagnaRunesFont-941x1024.jpg\",\"url\":\"https:\\\/\\\/volvekraft.dk\\\/wp-content\\\/uploads\\\/2022\\\/01\\\/VoelvekraftLogoWithRagnaRunesFont-941x1024.jpg\",\"contentUrl\":\"https:\\\/\\\/volvekraft.dk\\\/wp-content\\\/uploads\\\/2022\\\/01\\\/VoelvekraftLogoWithRagnaRunesFont-941x1024.jpg\",\"width\":941,\"height\":1024,\"caption\":\"Gudrun\"},\"logo\":{\"@id\":\"https:\\\/\\\/volvekraft.dk\\\/wp-content\\\/uploads\\\/2022\\\/01\\\/VoelvekraftLogoWithRagnaRunesFont-941x1024.jpg\"},\"description\":\"F\u00f8dt i 1964, Og mod sin vilje d\u00f8bt Gudrun Gotved. Har v\u00e6ret asatroende og spirituel siden barnsben. Medstifter af \u201dForn Si\u00f0r, Asa-og Vanetrosamfundet i Danmark\u201d, medstifter af trossamfundet \u201dNordisk skik\u201d. Fungeret som ritualforretter (gode) i mere end 25 \u00e5r, er blevet kaldt v\u00f8lve i mere end 20 \u00e5r, har v\u00e6ret ansat som v\u00f8lve p\u00e5 Ribe Vikingecenter i over 15 \u00e5r og arbejdet med runernes visdom lige s\u00e5 l\u00e6nge. Er derfor kendt som \\\"V\u00f8lven fra Ribe\\\". Velbevandret i diverse norr\u00f8ne kildetekster, runekyndig, troldkyndig og urtekyndig, healer, foredragsholder, forfatter og debatt\u00f8r. Tilbyder livsvejledning ved hj\u00e6lp af runer. Forfatter til b\u00f8gerne \\\"Asatro, Nordisk spiritualitet\\\". \\\"V\u00f8lvekraft og Runekunst\\\", \\\"Nordisk Mytologisk Opslagsv\u00e6rk\\\", samt orakelkort s\u00e6ttet \\\"N\u00f8gler til Nordens Visdom.\",\"sameAs\":[\"http:\\\/\\\/volvekraft.dk\",\"https:\\\/\\\/www.facebook.com\\\/Volven\",\"https:\\\/\\\/www.instagram.com\\\/volven_fra_ribe\\\/\",\"https:\\\/\\\/www.linkedin.com\\\/in\\\/gudrun-victoria-gotved-1085b46a\\\/\",\"https:\\\/\\\/www.youtube.com\\\/channel\\\/UCx9zykLxs-b7i3Rkt8KQjkg\"]}]}<\/script>\n<!-- \/ Yoast SEO plugin. -->","yoast_head_json":{"title":"Referencer - V&oslash;lvekraft ved V&oslash;lven fra Ribe","description":"Her kan du se hvor jeg bl.a. har holdt foredrag, ligesom du kan finde forskellige udtalelser om det jeg laver","robots":{"index":"index","follow":"follow","max-snippet":"max-snippet:-1","max-image-preview":"max-image-preview:large","max-video-preview":"max-video-preview:-1"},"canonical":"https:\/\/volvekraft.dk\/index.php\/referencer\/","og_locale":"da_DK","og_type":"article","og_title":"Referencer - V&oslash;lvekraft ved V&oslash;lven fra Ribe","og_description":"Her kan du se hvor jeg bl.a. har holdt foredrag, ligesom du kan finde forskellige udtalelser om det jeg laver","og_url":"https:\/\/volvekraft.dk\/index.php\/referencer\/","og_site_name":"V&oslash;lvekraft ved V&oslash;lven fra Ribe","article_publisher":"https:\/\/www.facebook.com\/Volven","article_modified_time":"2025-06-13T08:54:52+00:00","twitter_card":"summary_large_image","twitter_misc":{"Estimeret l\u00e6setid":"4 minutter"},"schema":{"@context":"https:\/\/schema.org","@graph":[{"@type":"WebPage","@id":"https:\/\/volvekraft.dk\/index.php\/referencer\/","url":"https:\/\/volvekraft.dk\/index.php\/referencer\/","name":"Referencer - V&oslash;lvekraft ved V&oslash;lven fra Ribe","isPartOf":{"@id":"https:\/\/volvekraft.dk\/#website"},"datePublished":"2025-06-10T07:02:32+00:00","dateModified":"2025-06-13T08:54:52+00:00","description":"Her kan du se hvor jeg bl.a. har holdt foredrag, ligesom du kan finde forskellige udtalelser om det jeg laver","breadcrumb":{"@id":"https:\/\/volvekraft.dk\/index.php\/referencer\/#breadcrumb"},"inLanguage":"da-DK","potentialAction":[{"@type":"ReadAction","target":["https:\/\/volvekraft.dk\/index.php\/referencer\/"]}]},{"@type":"BreadcrumbList","@id":"https:\/\/volvekraft.dk\/index.php\/referencer\/#breadcrumb","itemListElement":[{"@type":"ListItem","position":1,"name":"Hjem","item":"https:\/\/volvekraft.dk\/"},{"@type":"ListItem","position":2,"name":"Referencer"}]},{"@type":"WebSite","@id":"https:\/\/volvekraft.dk\/#website","url":"https:\/\/volvekraft.dk\/","name":"V\u00f8lvekraft ved V\u00f8lven fra Ribe","description":"ved V&oslash;lven fra Ribe","publisher":{"@id":"https:\/\/volvekraft.dk\/#\/schema\/person\/a0acfa008f3e61b723b262825173393d"},"potentialAction":[{"@type":"SearchAction","target":{"@type":"EntryPoint","urlTemplate":"https:\/\/volvekraft.dk\/?s={search_term_string}"},"query-input":{"@type":"PropertyValueSpecification","valueRequired":true,"valueName":"search_term_string"}}],"inLanguage":"da-DK"},{"@type":["Person","Organization"],"@id":"https:\/\/volvekraft.dk\/#\/schema\/person\/a0acfa008f3e61b723b262825173393d","name":"Gudrun","image":{"@type":"ImageObject","inLanguage":"da-DK","@id":"https:\/\/volvekraft.dk\/wp-content\/uploads\/2022\/01\/VoelvekraftLogoWithRagnaRunesFont-941x1024.jpg","url":"https:\/\/volvekraft.dk\/wp-content\/uploads\/2022\/01\/VoelvekraftLogoWithRagnaRunesFont-941x1024.jpg","contentUrl":"https:\/\/volvekraft.dk\/wp-content\/uploads\/2022\/01\/VoelvekraftLogoWithRagnaRunesFont-941x1024.jpg","width":941,"height":1024,"caption":"Gudrun"},"logo":{"@id":"https:\/\/volvekraft.dk\/wp-content\/uploads\/2022\/01\/VoelvekraftLogoWithRagnaRunesFont-941x1024.jpg"},"description":"F\u00f8dt i 1964, Og mod sin vilje d\u00f8bt Gudrun Gotved. Har v\u00e6ret asatroende og spirituel siden barnsben. Medstifter af \u201dForn Si\u00f0r, Asa-og Vanetrosamfundet i Danmark\u201d, medstifter af trossamfundet \u201dNordisk skik\u201d. Fungeret som ritualforretter (gode) i mere end 25 \u00e5r, er blevet kaldt v\u00f8lve i mere end 20 \u00e5r, har v\u00e6ret ansat som v\u00f8lve p\u00e5 Ribe Vikingecenter i over 15 \u00e5r og arbejdet med runernes visdom lige s\u00e5 l\u00e6nge. Er derfor kendt som \"V\u00f8lven fra Ribe\". Velbevandret i diverse norr\u00f8ne kildetekster, runekyndig, troldkyndig og urtekyndig, healer, foredragsholder, forfatter og debatt\u00f8r. Tilbyder livsvejledning ved hj\u00e6lp af runer. Forfatter til b\u00f8gerne \"Asatro, Nordisk spiritualitet\". \"V\u00f8lvekraft og Runekunst\", \"Nordisk Mytologisk Opslagsv\u00e6rk\", samt orakelkort s\u00e6ttet \"N\u00f8gler til Nordens Visdom.","sameAs":["http:\/\/volvekraft.dk","https:\/\/www.facebook.com\/Volven","https:\/\/www.instagram.com\/volven_fra_ribe\/","https:\/\/www.linkedin.com\/in\/gudrun-victoria-gotved-1085b46a\/","https:\/\/www.youtube.com\/channel\/UCx9zykLxs-b7i3Rkt8KQjkg"]}]}},"_links":{"self":[{"href":"https:\/\/volvekraft.dk\/index.php\/wp-json\/wp\/v2\/pages\/289","targetHints":{"allow":["GET"]}}],"collection":[{"href":"https:\/\/volvekraft.dk\/index.php\/wp-json\/wp\/v2\/pages"}],"about":[{"href":"https:\/\/volvekraft.dk\/index.php\/wp-json\/wp\/v2\/types\/page"}],"author":[{"embeddable":true,"href":"https:\/\/volvekraft.dk\/index.php\/wp-json\/wp\/v2\/users\/1"}],"replies":[{"embeddable":true,"href":"https:\/\/volvekraft.dk\/index.php\/wp-json\/wp\/v2\/comments?post=289"}],"version-history":[{"count":5,"href":"https:\/\/volvekraft.dk\/index.php\/wp-json\/wp\/v2\/pages\/289\/revisions"}],"predecessor-version":[{"id":435,"href":"https:\/\/volvekraft.dk\/index.php\/wp-json\/wp\/v2\/pages\/289\/revisions\/435"}],"wp:attachment":[{"href":"https:\/\/volvekraft.dk\/index.php\/wp-json\/wp\/v2\/media?parent=289"}],"curies":[{"name":"wp","href":"https:\/\/api.w.org\/{rel}","templated":true}]}}