{"id":157,"date":"2025-06-07T13:56:48","date_gmt":"2025-06-07T13:56:48","guid":{"rendered":"https:\/\/volvekraft.dk\/?page_id=157"},"modified":"2025-07-06T20:37:12","modified_gmt":"2025-07-06T20:37:12","slug":"noegler-til-nordens-visdom-nordiske-orakelkort","status":"publish","type":"page","link":"https:\/\/volvekraft.dk\/index.php\/noegler-til-nordens-visdom-nordiske-orakelkort\/","title":{"rendered":"N\u00f8gler til Nordens Visdom"},"content":{"rendered":"\n<h2 class=\"wp-block-heading has-text-align-center\" style=\"font-size:63px\"><strong><em>N\u00f8gler til Nordens Visdom<\/em><\/strong><\/h2>\n\n\n\n<h3 class=\"wp-block-heading has-text-align-center has-x-large-font-size\"><strong><em>Et s\u00e6t nordiske Orakelkort<\/em><\/strong><\/h3>\n\n\n\n<figure class=\"wp-block-image size-large\"><img loading=\"lazy\" decoding=\"async\" width=\"724\" height=\"1024\" src=\"https:\/\/volvekraft.dk\/wp-content\/uploads\/2025\/06\/KeysAdDansk-724x1024.jpg\" alt=\"\" class=\"wp-image-216\" srcset=\"https:\/\/volvekraft.dk\/wp-content\/uploads\/2025\/06\/KeysAdDansk-724x1024.jpg 724w, https:\/\/volvekraft.dk\/wp-content\/uploads\/2025\/06\/KeysAdDansk-212x300.jpg 212w, https:\/\/volvekraft.dk\/wp-content\/uploads\/2025\/06\/KeysAdDansk-768x1086.jpg 768w, https:\/\/volvekraft.dk\/wp-content\/uploads\/2025\/06\/KeysAdDansk-1086x1536.jpg 1086w, https:\/\/volvekraft.dk\/wp-content\/uploads\/2025\/06\/KeysAdDansk-1448x2048.jpg 1448w, https:\/\/volvekraft.dk\/wp-content\/uploads\/2025\/06\/KeysAdDansk-scaled.jpg 1810w\" sizes=\"auto, (max-width: 724px) 100vw, 724px\" \/><\/figure>\n\n\n\n<div class=\"wp-block-media-text is-stacked-on-mobile\"><figure class=\"wp-block-media-text__media\"><img loading=\"lazy\" decoding=\"async\" width=\"768\" height=\"1024\" src=\"https:\/\/volvekraft.dk\/wp-content\/uploads\/2025\/06\/IMG_0319-768x1024.jpg\" alt=\"\" class=\"wp-image-158 size-full\" srcset=\"https:\/\/volvekraft.dk\/wp-content\/uploads\/2025\/06\/IMG_0319-768x1024.jpg 768w, https:\/\/volvekraft.dk\/wp-content\/uploads\/2025\/06\/IMG_0319-225x300.jpg 225w, https:\/\/volvekraft.dk\/wp-content\/uploads\/2025\/06\/IMG_0319-1152x1536.jpg 1152w, https:\/\/volvekraft.dk\/wp-content\/uploads\/2025\/06\/IMG_0319-1536x2048.jpg 1536w, https:\/\/volvekraft.dk\/wp-content\/uploads\/2025\/06\/IMG_0319-scaled.jpg 1920w\" sizes=\"auto, (max-width: 768px) 100vw, 768px\" \/><\/figure><div class=\"wp-block-media-text__content\">\n<p>i 2022 fik jeg ideen til et s\u00e6t nordiske orakelkort. Jeg kontaktede Louis Harrison, da han er den dygtigste illustrator jeg kender, og han var straks med p\u00e5 ideen, ja han blev faktisk r\u00f8rt over at jeg spurgte. <\/p>\n\n\n\n<p><\/p>\n<\/div><\/div>\n\n\n\n<div class=\"wp-block-media-text has-media-on-the-right is-stacked-on-mobile\"><div class=\"wp-block-media-text__content\">\n<p>Der er 72 kort i s\u00e6ttet og udover kortene med de flotte illustrationer, best\u00e5r s\u00e6ttet ogs\u00e5 af en bog, hvor jeg dels giver mit bud p\u00e5 betydningen, dels er der en faktadel om den eller det element fra mytologien som kortet forestiller. <br>Teksten i bogen er b\u00e5de p\u00e5 dansk og engelsk.<br> <br>Da jeg sad i processen med at udv\u00e6lge hvem der skulle med, var det lige som om min h\u00e5nd skrev betydningen af sig selv. En meget s\u00e6r oplevelse. <br>Det hele leveres i en flot \u00e6ske.<\/p>\n<\/div><figure class=\"wp-block-media-text__media\"><img loading=\"lazy\" decoding=\"async\" width=\"709\" height=\"1024\" src=\"https:\/\/volvekraft.dk\/wp-content\/uploads\/2025\/06\/IMG_9812-709x1024.jpeg\" alt=\"\" class=\"wp-image-160 size-full\" srcset=\"https:\/\/volvekraft.dk\/wp-content\/uploads\/2025\/06\/IMG_9812-709x1024.jpeg 709w, https:\/\/volvekraft.dk\/wp-content\/uploads\/2025\/06\/IMG_9812-208x300.jpeg 208w, https:\/\/volvekraft.dk\/wp-content\/uploads\/2025\/06\/IMG_9812-768x1109.jpeg 768w, https:\/\/volvekraft.dk\/wp-content\/uploads\/2025\/06\/IMG_9812-1064x1536.jpeg 1064w, https:\/\/volvekraft.dk\/wp-content\/uploads\/2025\/06\/IMG_9812-1419x2048.jpeg 1419w, https:\/\/volvekraft.dk\/wp-content\/uploads\/2025\/06\/IMG_9812-scaled.jpeg 1773w\" sizes=\"auto, (max-width: 709px) 100vw, 709px\" \/><\/figure><\/div>\n\n\n\n<div class=\"wp-block-media-text is-stacked-on-mobile\"><figure class=\"wp-block-media-text__media\"><img loading=\"lazy\" decoding=\"async\" width=\"1024\" height=\"768\" src=\"https:\/\/volvekraft.dk\/wp-content\/uploads\/2025\/06\/IMG_0269-1024x768.jpeg\" alt=\"\" class=\"wp-image-159 size-full\" srcset=\"https:\/\/volvekraft.dk\/wp-content\/uploads\/2025\/06\/IMG_0269-1024x768.jpeg 1024w, https:\/\/volvekraft.dk\/wp-content\/uploads\/2025\/06\/IMG_0269-300x225.jpeg 300w, https:\/\/volvekraft.dk\/wp-content\/uploads\/2025\/06\/IMG_0269-768x576.jpeg 768w, https:\/\/volvekraft.dk\/wp-content\/uploads\/2025\/06\/IMG_0269-1536x1152.jpeg 1536w, https:\/\/volvekraft.dk\/wp-content\/uploads\/2025\/06\/IMG_0269.jpeg 2048w\" sizes=\"auto, (max-width: 1024px) 100vw, 1024px\" \/><\/figure><div class=\"wp-block-media-text__content\">\n<p>Lou og jeg har haft et formidabelt samarbejde om dette s\u00e6t, og hvis du synes s\u00e6rligt om et af billederne, s\u00e5 kan det lade sig g\u00f8re, at f\u00e5 det trykt i stor st\u00f8rrelse.<br>Alle kortene er h\u00e5ndtegnede ud fra fotografier af &#8220;rigtige mennesker&#8221;, de fleste er ogs\u00e5 en del af re-enactermilj\u00f8et. <br>Kortene har deres egen facebookside, hvor Lou har lagt en del ud om tilblivelsen. Den finder du <a href=\"https:\/\/www.facebook.com\/Volvekraft\">her.<\/a><\/p>\n<\/div><\/div>\n\n\n\n<p>Da jeg endnu ikke har en webshop kan kortene bestilles ved henvendelse til mig. <br>S\u00e6ttet koster 375 kr. <\/p>\n\n\n\n<h4 class=\"wp-block-heading has-x-large-font-size\"><em><strong>Anmeldelser:<\/strong><\/em><\/h4>\n\n\n\n<h2 class=\"wp-block-heading has-medium-font-size\"><em><strong>Pia Gr\u00e6sb\u00f8ll Ottesen<\/strong><\/em><\/h2>\n\n\n\n<p><em>Kortene har en super l\u00e6kker st\u00f8rrelse, farve og struktur. Teksterne har en god l\u00e6ngde, og er informativ. N\u00e5r kortene sidder fast, vil hjernen ogs\u00e5 automatisk g\u00e5 til de 2-3 sidste linjer som fort\u00e6ller om betydning af kortet, og s\u00e5 kan jeg rigtig godt lide teksten har en betydning, og ikke negative\/positiv tekst. <br><\/em><\/p>\n\n\n\n<h2 class=\"wp-block-heading has-medium-font-size\"><strong><em>Silvana Bo<\/em><\/strong>:<\/h2>\n\n\n\n<p>I recently had the pleasure of exploring the <a href=\"https:\/\/www.facebook.com\/Volvekraft?__cft__[0]=AZVqhu_YTK-ep0PyMDw0uufag2nLx4_r8sTqAnwxAemkrojS4mx4Gfma5d-yZFs_JRYLnbmkMUHlehM_ZvQKRGzQpIWAvDDXGNVt7n7q4pofsg&amp;__tn__=-]K-R\">N\u00f8gler til Nordens Visdom, Keys to the wisdom of North<\/a> Oracle Cards, and I must say, they are an absolute delight for any enthusiast of the Asatru Pantheon, or Nordic\/Norse mythology. First and foremost, the design of the cards is simply stunning. Each card is a work of art, capturing the essence and beauty of the ancient Norse world. What truly sets these oracle cards apart, however, is the depth and thoughtfulness of the interpretations. In the Book of Interpretations, which comes together with the oracle, each card features a Norse saga (story) at the top, providing a profound context for the guidance and wisdom it offers.<br>The combination of stunning design and meaningful interpretations makes the <a href=\"https:\/\/www.facebook.com\/Volvekraft?__cft__[0]=AZVqhu_YTK-ep0PyMDw0uufag2nLx4_r8sTqAnwxAemkrojS4mx4Gfma5d-yZFs_JRYLnbmkMUHlehM_ZvQKRGzQpIWAvDDXGNVt7n7q4pofsg&amp;__tn__=-]K-R\">N\u00f8gler til Nordens Visdom, Keys to the wisdom of North<\/a> Oracle Cards a must-have for anyone seeking to connect with the wisdom and magic of Nordic mythology. Highly recommended!<br><\/p>\n\n\n\n<h2 class=\"wp-block-heading has-medium-font-size\"><em><strong>Birgitte N\u00e6sselund Nielsen<\/strong>:<\/em><\/h2>\n\n\n\n<p>Jeg vil gerne starte med et citat fra sangen \u201dLost Boy\u201d af Greg Holden:<br>\u201d And I will not be commanded,<br>And I will not be controlled<br>And I will not let my future go on,<br>without the help of my soul \u201c<br><br>Disse ord verbaliserer min guideline p\u00e5 min vej i livet. At m\u00e6rke, sanse og fornemme med t\u00e5lmodighed, \u00e6rlighed og med tillid til min sj\u00e6l. At handle, sige og g\u00f8re: as within so without<br>Disse vidunderlige kunstv\u00e6rker af billedkort, og den viden bogen bidrager med, giver mig netop oplevelsen af selv at kunne vurdere, m\u00e6rke, reflektere over dets informationer \u2013 til mit liv \u2013 med min krop og med min sj\u00e6l.<br>Jeg oplever, at disse smukke, detaljerede kort \u2013 med finurlige detaljer, netop \u00e5bner op for alle \u2013 uanset baggrund og overbevisning. De er ganske enkelt: Food for the Soul.<br><\/p>\n\n\n\n<h2 class=\"wp-block-heading has-medium-font-size\"><em><strong>Anette Okkerholm Jensen<\/strong>:<\/em><\/h2>\n\n\n\n<p>N\u00f8gler til Nordens Visdom, jeg elsker at bruge disse kort og is\u00e6r bogen, som giver en (mig) mere visdom og l\u00e6ring. S\u00e5 udover jeg f\u00e5r hj\u00e6lp\/vejledning af orakel kortene, l\u00e6rer jeg ogs\u00e5 mere af alt teksten i bogen. Illustrationerne er ogs\u00e5 mega l\u00e6kre p\u00e5 kortene.<br><\/p>\n","protected":false},"excerpt":{"rendered":"<p>N\u00f8gler til Nordens Visdom Et s\u00e6t nordiske Orakelkort i 2022 fik jeg ideen til et s\u00e6t nordiske orakelkort. Jeg kontaktede Louis Harrison, da han er den dygtigste illustrator jeg kender, og han var straks med p\u00e5 ideen, ja han blev faktisk r\u00f8rt over at jeg spurgte. Der er 72 kort i s\u00e6ttet og udover kortene [&hellip;]<\/p>\n","protected":false},"author":1,"featured_media":164,"parent":0,"menu_order":0,"comment_status":"closed","ping_status":"closed","template":"nogler-til-nordens-visdom","meta":{"footnotes":""},"class_list":["post-157","page","type-page","status-publish","has-post-thumbnail","hentry"],"yoast_head":"<!-- This site is optimized with the Yoast SEO plugin v27.5 - https:\/\/yoast.com\/product\/yoast-seo-wordpress\/ -->\n<title>Nordiske Orakelkort, N\u00f8gler til Nordens Visdom, Nordisk mytologi,<\/title>\n<meta name=\"description\" content=\"N\u00f8gler til Nordens visdom er et s\u00e6t orakelkort skabt af Louis Harrison og Gudrun Gotved. 72 h\u00e5ndtegnede kort med fokus p\u00e5 Nordens Gudeverden.\" \/>\n<meta name=\"robots\" content=\"index, follow, max-snippet:-1, max-image-preview:large, max-video-preview:-1\" \/>\n<link rel=\"canonical\" href=\"https:\/\/volvekraft.dk\/index.php\/noegler-til-nordens-visdom-nordiske-orakelkort\/\" \/>\n<meta property=\"og:locale\" content=\"da_DK\" \/>\n<meta property=\"og:type\" content=\"article\" \/>\n<meta property=\"og:title\" content=\"Nordiske Orakelkort, N\u00f8gler til Nordens Visdom, Nordisk mytologi,\" \/>\n<meta property=\"og:description\" content=\"N\u00f8gler til Nordens visdom er et s\u00e6t orakelkort skabt af Louis Harrison og Gudrun Gotved. 72 h\u00e5ndtegnede kort med fokus p\u00e5 Nordens Gudeverden.\" \/>\n<meta property=\"og:url\" content=\"https:\/\/volvekraft.dk\/index.php\/noegler-til-nordens-visdom-nordiske-orakelkort\/\" \/>\n<meta property=\"og:site_name\" content=\"V&oslash;lvekraft ved V&oslash;lven fra Ribe\" \/>\n<meta property=\"article:publisher\" content=\"https:\/\/www.facebook.com\/Volven\" \/>\n<meta property=\"article:modified_time\" content=\"2025-07-06T20:37:12+00:00\" \/>\n<meta property=\"og:image\" content=\"https:\/\/volvekraft.dk\/wp-content\/uploads\/2025\/06\/IMG_9792-scaled.jpeg\" \/>\n\t<meta property=\"og:image:width\" content=\"2560\" \/>\n\t<meta property=\"og:image:height\" content=\"1440\" \/>\n\t<meta property=\"og:image:type\" content=\"image\/jpeg\" \/>\n<meta name=\"twitter:card\" content=\"summary_large_image\" \/>\n<meta name=\"twitter:label1\" content=\"Estimeret l\u00e6setid\" \/>\n\t<meta name=\"twitter:data1\" content=\"5 minutter\" \/>\n<script type=\"application\/ld+json\" class=\"yoast-schema-graph\">{\"@context\":\"https:\\\/\\\/schema.org\",\"@graph\":[{\"@type\":\"WebPage\",\"@id\":\"https:\\\/\\\/volvekraft.dk\\\/index.php\\\/noegler-til-nordens-visdom-nordiske-orakelkort\\\/\",\"url\":\"https:\\\/\\\/volvekraft.dk\\\/index.php\\\/noegler-til-nordens-visdom-nordiske-orakelkort\\\/\",\"name\":\"Nordiske Orakelkort, N\u00f8gler til Nordens Visdom, Nordisk mytologi,\",\"isPartOf\":{\"@id\":\"https:\\\/\\\/volvekraft.dk\\\/#website\"},\"primaryImageOfPage\":{\"@id\":\"https:\\\/\\\/volvekraft.dk\\\/index.php\\\/noegler-til-nordens-visdom-nordiske-orakelkort\\\/#primaryimage\"},\"image\":{\"@id\":\"https:\\\/\\\/volvekraft.dk\\\/index.php\\\/noegler-til-nordens-visdom-nordiske-orakelkort\\\/#primaryimage\"},\"thumbnailUrl\":\"https:\\\/\\\/volvekraft.dk\\\/wp-content\\\/uploads\\\/2025\\\/06\\\/IMG_9792-scaled.jpeg\",\"datePublished\":\"2025-06-07T13:56:48+00:00\",\"dateModified\":\"2025-07-06T20:37:12+00:00\",\"description\":\"N\u00f8gler til Nordens visdom er et s\u00e6t orakelkort skabt af Louis Harrison og Gudrun Gotved. 72 h\u00e5ndtegnede kort med fokus p\u00e5 Nordens Gudeverden.\",\"breadcrumb\":{\"@id\":\"https:\\\/\\\/volvekraft.dk\\\/index.php\\\/noegler-til-nordens-visdom-nordiske-orakelkort\\\/#breadcrumb\"},\"inLanguage\":\"da-DK\",\"potentialAction\":[{\"@type\":\"ReadAction\",\"target\":[\"https:\\\/\\\/volvekraft.dk\\\/index.php\\\/noegler-til-nordens-visdom-nordiske-orakelkort\\\/\"]}]},{\"@type\":\"ImageObject\",\"inLanguage\":\"da-DK\",\"@id\":\"https:\\\/\\\/volvekraft.dk\\\/index.php\\\/noegler-til-nordens-visdom-nordiske-orakelkort\\\/#primaryimage\",\"url\":\"https:\\\/\\\/volvekraft.dk\\\/wp-content\\\/uploads\\\/2025\\\/06\\\/IMG_9792-scaled.jpeg\",\"contentUrl\":\"https:\\\/\\\/volvekraft.dk\\\/wp-content\\\/uploads\\\/2025\\\/06\\\/IMG_9792-scaled.jpeg\",\"width\":2560,\"height\":1440},{\"@type\":\"BreadcrumbList\",\"@id\":\"https:\\\/\\\/volvekraft.dk\\\/index.php\\\/noegler-til-nordens-visdom-nordiske-orakelkort\\\/#breadcrumb\",\"itemListElement\":[{\"@type\":\"ListItem\",\"position\":1,\"name\":\"Hjem\",\"item\":\"https:\\\/\\\/volvekraft.dk\\\/\"},{\"@type\":\"ListItem\",\"position\":2,\"name\":\"N\u00f8gler til Nordens Visdom\"}]},{\"@type\":\"WebSite\",\"@id\":\"https:\\\/\\\/volvekraft.dk\\\/#website\",\"url\":\"https:\\\/\\\/volvekraft.dk\\\/\",\"name\":\"V\u00f8lvekraft ved V\u00f8lven fra Ribe\",\"description\":\"ved V&oslash;lven fra Ribe\",\"publisher\":{\"@id\":\"https:\\\/\\\/volvekraft.dk\\\/#\\\/schema\\\/person\\\/a0acfa008f3e61b723b262825173393d\"},\"potentialAction\":[{\"@type\":\"SearchAction\",\"target\":{\"@type\":\"EntryPoint\",\"urlTemplate\":\"https:\\\/\\\/volvekraft.dk\\\/?s={search_term_string}\"},\"query-input\":{\"@type\":\"PropertyValueSpecification\",\"valueRequired\":true,\"valueName\":\"search_term_string\"}}],\"inLanguage\":\"da-DK\"},{\"@type\":[\"Person\",\"Organization\"],\"@id\":\"https:\\\/\\\/volvekraft.dk\\\/#\\\/schema\\\/person\\\/a0acfa008f3e61b723b262825173393d\",\"name\":\"Gudrun\",\"image\":{\"@type\":\"ImageObject\",\"inLanguage\":\"da-DK\",\"@id\":\"https:\\\/\\\/volvekraft.dk\\\/wp-content\\\/uploads\\\/2022\\\/01\\\/VoelvekraftLogoWithRagnaRunesFont-941x1024.jpg\",\"url\":\"https:\\\/\\\/volvekraft.dk\\\/wp-content\\\/uploads\\\/2022\\\/01\\\/VoelvekraftLogoWithRagnaRunesFont-941x1024.jpg\",\"contentUrl\":\"https:\\\/\\\/volvekraft.dk\\\/wp-content\\\/uploads\\\/2022\\\/01\\\/VoelvekraftLogoWithRagnaRunesFont-941x1024.jpg\",\"width\":941,\"height\":1024,\"caption\":\"Gudrun\"},\"logo\":{\"@id\":\"https:\\\/\\\/volvekraft.dk\\\/wp-content\\\/uploads\\\/2022\\\/01\\\/VoelvekraftLogoWithRagnaRunesFont-941x1024.jpg\"},\"description\":\"F\u00f8dt i 1964, Og mod sin vilje d\u00f8bt Gudrun Gotved. Har v\u00e6ret asatroende og spirituel siden barnsben. Medstifter af \u201dForn Si\u00f0r, Asa-og Vanetrosamfundet i Danmark\u201d, medstifter af trossamfundet \u201dNordisk skik\u201d. Fungeret som ritualforretter (gode) i mere end 25 \u00e5r, er blevet kaldt v\u00f8lve i mere end 20 \u00e5r, har v\u00e6ret ansat som v\u00f8lve p\u00e5 Ribe Vikingecenter i over 15 \u00e5r og arbejdet med runernes visdom lige s\u00e5 l\u00e6nge. Er derfor kendt som \\\"V\u00f8lven fra Ribe\\\". Velbevandret i diverse norr\u00f8ne kildetekster, runekyndig, troldkyndig og urtekyndig, healer, foredragsholder, forfatter og debatt\u00f8r. Tilbyder livsvejledning ved hj\u00e6lp af runer. Forfatter til b\u00f8gerne \\\"Asatro, Nordisk spiritualitet\\\". \\\"V\u00f8lvekraft og Runekunst\\\", \\\"Nordisk Mytologisk Opslagsv\u00e6rk\\\", samt orakelkort s\u00e6ttet \\\"N\u00f8gler til Nordens Visdom.\",\"sameAs\":[\"http:\\\/\\\/volvekraft.dk\",\"https:\\\/\\\/www.facebook.com\\\/Volven\",\"https:\\\/\\\/www.instagram.com\\\/volven_fra_ribe\\\/\",\"https:\\\/\\\/www.linkedin.com\\\/in\\\/gudrun-victoria-gotved-1085b46a\\\/\",\"https:\\\/\\\/www.youtube.com\\\/channel\\\/UCx9zykLxs-b7i3Rkt8KQjkg\"]}]}<\/script>\n<!-- \/ Yoast SEO plugin. -->","yoast_head_json":{"title":"Nordiske Orakelkort, N\u00f8gler til Nordens Visdom, Nordisk mytologi,","description":"N\u00f8gler til Nordens visdom er et s\u00e6t orakelkort skabt af Louis Harrison og Gudrun Gotved. 72 h\u00e5ndtegnede kort med fokus p\u00e5 Nordens Gudeverden.","robots":{"index":"index","follow":"follow","max-snippet":"max-snippet:-1","max-image-preview":"max-image-preview:large","max-video-preview":"max-video-preview:-1"},"canonical":"https:\/\/volvekraft.dk\/index.php\/noegler-til-nordens-visdom-nordiske-orakelkort\/","og_locale":"da_DK","og_type":"article","og_title":"Nordiske Orakelkort, N\u00f8gler til Nordens Visdom, Nordisk mytologi,","og_description":"N\u00f8gler til Nordens visdom er et s\u00e6t orakelkort skabt af Louis Harrison og Gudrun Gotved. 72 h\u00e5ndtegnede kort med fokus p\u00e5 Nordens Gudeverden.","og_url":"https:\/\/volvekraft.dk\/index.php\/noegler-til-nordens-visdom-nordiske-orakelkort\/","og_site_name":"V&oslash;lvekraft ved V&oslash;lven fra Ribe","article_publisher":"https:\/\/www.facebook.com\/Volven","article_modified_time":"2025-07-06T20:37:12+00:00","og_image":[{"width":2560,"height":1440,"url":"https:\/\/volvekraft.dk\/wp-content\/uploads\/2025\/06\/IMG_9792-scaled.jpeg","type":"image\/jpeg"}],"twitter_card":"summary_large_image","twitter_misc":{"Estimeret l\u00e6setid":"5 minutter"},"schema":{"@context":"https:\/\/schema.org","@graph":[{"@type":"WebPage","@id":"https:\/\/volvekraft.dk\/index.php\/noegler-til-nordens-visdom-nordiske-orakelkort\/","url":"https:\/\/volvekraft.dk\/index.php\/noegler-til-nordens-visdom-nordiske-orakelkort\/","name":"Nordiske Orakelkort, N\u00f8gler til Nordens Visdom, Nordisk mytologi,","isPartOf":{"@id":"https:\/\/volvekraft.dk\/#website"},"primaryImageOfPage":{"@id":"https:\/\/volvekraft.dk\/index.php\/noegler-til-nordens-visdom-nordiske-orakelkort\/#primaryimage"},"image":{"@id":"https:\/\/volvekraft.dk\/index.php\/noegler-til-nordens-visdom-nordiske-orakelkort\/#primaryimage"},"thumbnailUrl":"https:\/\/volvekraft.dk\/wp-content\/uploads\/2025\/06\/IMG_9792-scaled.jpeg","datePublished":"2025-06-07T13:56:48+00:00","dateModified":"2025-07-06T20:37:12+00:00","description":"N\u00f8gler til Nordens visdom er et s\u00e6t orakelkort skabt af Louis Harrison og Gudrun Gotved. 72 h\u00e5ndtegnede kort med fokus p\u00e5 Nordens Gudeverden.","breadcrumb":{"@id":"https:\/\/volvekraft.dk\/index.php\/noegler-til-nordens-visdom-nordiske-orakelkort\/#breadcrumb"},"inLanguage":"da-DK","potentialAction":[{"@type":"ReadAction","target":["https:\/\/volvekraft.dk\/index.php\/noegler-til-nordens-visdom-nordiske-orakelkort\/"]}]},{"@type":"ImageObject","inLanguage":"da-DK","@id":"https:\/\/volvekraft.dk\/index.php\/noegler-til-nordens-visdom-nordiske-orakelkort\/#primaryimage","url":"https:\/\/volvekraft.dk\/wp-content\/uploads\/2025\/06\/IMG_9792-scaled.jpeg","contentUrl":"https:\/\/volvekraft.dk\/wp-content\/uploads\/2025\/06\/IMG_9792-scaled.jpeg","width":2560,"height":1440},{"@type":"BreadcrumbList","@id":"https:\/\/volvekraft.dk\/index.php\/noegler-til-nordens-visdom-nordiske-orakelkort\/#breadcrumb","itemListElement":[{"@type":"ListItem","position":1,"name":"Hjem","item":"https:\/\/volvekraft.dk\/"},{"@type":"ListItem","position":2,"name":"N\u00f8gler til Nordens Visdom"}]},{"@type":"WebSite","@id":"https:\/\/volvekraft.dk\/#website","url":"https:\/\/volvekraft.dk\/","name":"V\u00f8lvekraft ved V\u00f8lven fra Ribe","description":"ved V&oslash;lven fra Ribe","publisher":{"@id":"https:\/\/volvekraft.dk\/#\/schema\/person\/a0acfa008f3e61b723b262825173393d"},"potentialAction":[{"@type":"SearchAction","target":{"@type":"EntryPoint","urlTemplate":"https:\/\/volvekraft.dk\/?s={search_term_string}"},"query-input":{"@type":"PropertyValueSpecification","valueRequired":true,"valueName":"search_term_string"}}],"inLanguage":"da-DK"},{"@type":["Person","Organization"],"@id":"https:\/\/volvekraft.dk\/#\/schema\/person\/a0acfa008f3e61b723b262825173393d","name":"Gudrun","image":{"@type":"ImageObject","inLanguage":"da-DK","@id":"https:\/\/volvekraft.dk\/wp-content\/uploads\/2022\/01\/VoelvekraftLogoWithRagnaRunesFont-941x1024.jpg","url":"https:\/\/volvekraft.dk\/wp-content\/uploads\/2022\/01\/VoelvekraftLogoWithRagnaRunesFont-941x1024.jpg","contentUrl":"https:\/\/volvekraft.dk\/wp-content\/uploads\/2022\/01\/VoelvekraftLogoWithRagnaRunesFont-941x1024.jpg","width":941,"height":1024,"caption":"Gudrun"},"logo":{"@id":"https:\/\/volvekraft.dk\/wp-content\/uploads\/2022\/01\/VoelvekraftLogoWithRagnaRunesFont-941x1024.jpg"},"description":"F\u00f8dt i 1964, Og mod sin vilje d\u00f8bt Gudrun Gotved. Har v\u00e6ret asatroende og spirituel siden barnsben. Medstifter af \u201dForn Si\u00f0r, Asa-og Vanetrosamfundet i Danmark\u201d, medstifter af trossamfundet \u201dNordisk skik\u201d. Fungeret som ritualforretter (gode) i mere end 25 \u00e5r, er blevet kaldt v\u00f8lve i mere end 20 \u00e5r, har v\u00e6ret ansat som v\u00f8lve p\u00e5 Ribe Vikingecenter i over 15 \u00e5r og arbejdet med runernes visdom lige s\u00e5 l\u00e6nge. Er derfor kendt som \"V\u00f8lven fra Ribe\". Velbevandret i diverse norr\u00f8ne kildetekster, runekyndig, troldkyndig og urtekyndig, healer, foredragsholder, forfatter og debatt\u00f8r. Tilbyder livsvejledning ved hj\u00e6lp af runer. Forfatter til b\u00f8gerne \"Asatro, Nordisk spiritualitet\". \"V\u00f8lvekraft og Runekunst\", \"Nordisk Mytologisk Opslagsv\u00e6rk\", samt orakelkort s\u00e6ttet \"N\u00f8gler til Nordens Visdom.","sameAs":["http:\/\/volvekraft.dk","https:\/\/www.facebook.com\/Volven","https:\/\/www.instagram.com\/volven_fra_ribe\/","https:\/\/www.linkedin.com\/in\/gudrun-victoria-gotved-1085b46a\/","https:\/\/www.youtube.com\/channel\/UCx9zykLxs-b7i3Rkt8KQjkg"]}]}},"_links":{"self":[{"href":"https:\/\/volvekraft.dk\/index.php\/wp-json\/wp\/v2\/pages\/157","targetHints":{"allow":["GET"]}}],"collection":[{"href":"https:\/\/volvekraft.dk\/index.php\/wp-json\/wp\/v2\/pages"}],"about":[{"href":"https:\/\/volvekraft.dk\/index.php\/wp-json\/wp\/v2\/types\/page"}],"author":[{"embeddable":true,"href":"https:\/\/volvekraft.dk\/index.php\/wp-json\/wp\/v2\/users\/1"}],"replies":[{"embeddable":true,"href":"https:\/\/volvekraft.dk\/index.php\/wp-json\/wp\/v2\/comments?post=157"}],"version-history":[{"count":14,"href":"https:\/\/volvekraft.dk\/index.php\/wp-json\/wp\/v2\/pages\/157\/revisions"}],"predecessor-version":[{"id":537,"href":"https:\/\/volvekraft.dk\/index.php\/wp-json\/wp\/v2\/pages\/157\/revisions\/537"}],"wp:featuredmedia":[{"embeddable":true,"href":"https:\/\/volvekraft.dk\/index.php\/wp-json\/wp\/v2\/media\/164"}],"wp:attachment":[{"href":"https:\/\/volvekraft.dk\/index.php\/wp-json\/wp\/v2\/media?parent=157"}],"curies":[{"name":"wp","href":"https:\/\/api.w.org\/{rel}","templated":true}]}}